 the prime factors of y?
127
Suppose 4*g + 1622 = o - 1079, -5*g + 2692 = o. Suppose -l - o = -3*t, t - l + 280 - 1181 = 0. List the prime factors of t.
2, 449
Suppose 0 = 18*z - 42172 - 270560. What are the prime factors of z?
2, 7, 17, 73
Suppose 5*d - 3*l = l + 55186, -2*d + 22102 = 3*l. What are the prime factors of d?
2, 5521
Let h(k) = -k**2 - 42*k + 37. Let g be h(-21). Suppose 2118 - g = 4*t. What are the prime factors of t?
2, 5, 41
Suppose 2 = 5*y - 4*y. Suppose s + 4*w + 61 = y*w, 5*w = 5*s + 305. Let j = s + 93. What are the prime factors of j?
2
Let h = 142 - 146. List the prime factors of (h + 52/10)/(4/620).
2, 3, 31
Let t = 13087 - 7565. List the prime factors of t.
2, 11, 251
Let x(v) be the first derivative of 70*v**3 + 7*v**2/2 - 7*v + 89. What are the prime factors of x(1)?
2, 3, 5, 7
Let t(i) = -1211*i + 31. Let k(x) = -1211*x + 23. Let z(l) = 6*k(l) - 5*t(l). List the prime factors of z(-1).
2, 3, 199
Let f be (12/7)/((-68)/(-714)). What are the prime factors of (12/f)/((-4)/(-5514))?
919
Let v(q) = 36*q**2 + 79*q + 1674. What are the prime factors of v(-20)?
2, 7247
Let o(c) = 1369*c + 1494. What are the prime factors of o(17)?
24767
Suppose -c - 3 = 4*w + 7, 2*w + 16 = 5*c. Suppose 3*f + 2348 = 4*b - c*f, -f = b - 578. What are the prime factors of b?
2, 3, 97
Let q be 20/6*(-282)/15*-3. Suppose -3*y = 3*k - q - 940, y + 3*k - 376 = 0. What are the prime factors of y?
2, 47
Let v be (-596)/30 - (-6)/(-45). Let b = 400 + -412. What are the prime factors of -5*b/v*-7?
3, 7
Suppose 0 = 24*z - 237*z + 654417 + 3876519. What are the prime factors of z?
2, 2659
Let n(l) = 167*l - 1684. What are the prime factors of n(60)?
2, 521
What are the prime factors of ((-650433)/(-235) - 33)*10/4?
3, 43, 53
Let w(y) = 6*y + 9*y**2 - y**2 - 85 - 6*y**2 + 0*y**2. What are the prime factors of w(17)?
5, 7, 17
Let d(u) = -8*u**2 - 105*u - 7. Let o be d(-13). What are the prime factors of (o - 120/25)/(3/1510)?
2, 151
Let r(l) = -2178*l - 182. List the prime factors of r(-8).
2, 37, 233
Let o = -47805 - -70302. List the prime factors of o.
3, 7499
Suppose -3*t - 5*n + 81415 = 0, 3*n = -21*t + 16*t + 135649. What are the prime factors of t?
5, 7, 31
Let a(s) = -3*s**3 - 15*s**2 - 73*s - 727. What are the prime factors of a(-15)?
2, 3559
Let s(f) = 7*f**2 - 8*f - 44. Let u(d) = -d**3 + 20*d**2 + 44*d + 12. Let x be u(22). What are the prime factors of s(x)?
2, 7, 31
Let f(s) = -31*s**3 - 2*s**2 - s. Let b be f(2). Let v be -146*(9/(-6) - 10/(-4)). Let x = v - b. What are the prime factors of x?
2, 7
Suppose 77*d - 73*d - 2*u - 1214 = 0, 0 = -u - 5. What are the prime factors of d?
7, 43
Let p(u) = -1732*u + 458. List the prime factors of p(-4).
2, 3, 1231
Suppose -44*x = -40*x + 4*l - 1160, 1455 = 5*x + 4*l. Let f = -90 + x. List the prime factors of f.
5, 41
Suppose 0 = 9*b + b - 3880. Suppose b = 8*w - 180. Suppose 11 + w = p. List the prime factors of p.
2, 41
Suppose -2*y - 18 = -96. Let x = y - 33. Suppose x*s = -10*s + 3040. List the prime factors of s.
2, 5, 19
Let u = 107 + -127. What are the prime factors of (-17 - -1)*u - (19 - 16)?
317
List the prime factors of (-657300)/(-126) - 30/(-9).
2, 3, 5, 29
List the prime factors of (-15758248)/(-462) - 2/21 - 10/6.
3, 11369
Let u(v) = -v**3 - 18*v**2 + 6*v - 40. Let k be 19*(-9)/18*4/2. What are the prime factors of u(k)?
3, 23
Suppose -4*o - 25 = -9*o. Let u(i) = 76*i**2 + 2*i + 2. Let l be u(-1). Suppose -206 = -o*b - l. What are the prime factors of b?
2, 13
Let d(m) = 14*m - 75. Let w be d(5). List the prime factors of -1 - -454 - (5 + -13 - w).
2, 3, 19
Let w be 0 + 3 - (-11 + 12/2). Let z be (3*-19)/((-1)/3). Suppose 11*d - z = w*d. List the prime factors of d.
3, 19
Let f = 173607 + -95546. What are the prime factors of f?
251, 311
Let x = 639 - 445. Let w(m) = 34*m + 36. Let a be w(-1). Suppose -h - 394 = -4*d + h, 0 = -a*d - 2*h + x. List the prime factors of d.
2, 7
Let m(s) = 8*s + 20. Let t be m(-2). Suppose -c - z + 110 = 0, 2*z = -t*c - 3*z + 442. What are the prime factors of c?
2, 3
Suppose -23*z + 276912 = 13*z. List the prime factors of z.
2, 3, 641
Let h = 13 + -8. Suppose 3*i + 21 = 3*y, -h*y + 3*i + 4 = -23. What are the prime factors of 0 + 9/y - -140?
11, 13
Let q be (2 - (-336)/(-35))/((-2)/(-10)). Let f be 3/6 - (q/4 - 4). What are the prime factors of 72*7/(f/3)?
2, 3
Let n be (-69310)/10 + 2/((-4)/(-2)). What are the prime factors of 1/((-3)/n*6)?
5, 7, 11
Let j = 8 + 5. Let r(m) = 26 - 12 + 6*m**2 - j - 3*m - m**3 + m. What are the prime factors of r(4)?
5
What are the prime factors of (((-76560)/(-18))/10)/(9*(-4)/(-2214))?
2, 11, 29, 41
Let p = 2523 + -672. Let s = p - 674. What are the prime factors of s?
11, 107
Let b(w) = 48*w + 190*w - 21 - 17*w - 25*w. What are the prime factors of b(5)?
7, 137
Let s = -129 - -54. Let i = -70 - s. Suppose 4*l - w - 104 = -5*w, i*l + 3*w = 130. List the prime factors of l.
2, 13
Let f be (4/(-6))/(120/(-18) - -6). Let y(o) = 296*o**3 - 1. What are the prime factors of y(f)?
5, 59
Let d be (4/(-6))/(3190/1065 + -3). Let f = 225 - d. List the prime factors of f.
83
Let b = 267 + -261. Suppose b*q = 2*x + 4*q - 164, -84 = -x + 3*q. What are the prime factors of x?
3
Let w = 95476 - 56720. List the prime factors of w.
2, 9689
Let s = 608 + -598. Suppose -24*d + 9 = -21*d. Suppose s*t - d*t = 2100. What are the prime factors of t?
2, 3, 5
Suppose 5*h - 15521 = -19*p + 16*p, -5*p = -5*h - 25895. List the prime factors of p.
31, 167
Let i be 723*(-2)/(-6) - (-2 + 7). Suppose -3*o = z - 254 - 141, -2009 = -5*z + 2*o. Let g = z - i. What are the prime factors of g?
3, 5, 11
Let i be (-25)/(300/144)*(-149)/4. Let q = 1276 - i. List the prime factors of q.
829
Suppose -3*z + 2*z = 61. Let w = z - -122. Suppose -5*u - r + w = 0, u - 3*r - 38 = -u. What are the prime factors of u?
13
List the prime factors of (119345*6/30)/1.
23869
Suppose -w - 1363*t + 35975 = -1366*t, 3*w - 107961 = 5*t. List the prime factors of w.
2, 47, 383
Let o be ((-75 + -1)*1)/(-7 + 5). Suppose -f + 116 = 5*m - o, 3*m = 2*f + 95. Suppose 27*a + 76 = m*a. What are the prime factors of a?
19
List the prime factors of 1 + (-202842)/(-12) + 1/(-2).
2, 2113
Let y(a) = -18 + 46 - 29 + 162*a. List the prime factors of y(6).
971
Let g(k) = 5*k**2 - k - 2. Suppose 4*s = -0*s - 12. Let d be g(s). Suppose 0 = -j - 3*w + d, 4*j - 88 - 66 = -2*w. What are the prime factors of j?
37
Suppose -46*f - 65*f + 8226432 = 0. List the prime factors of f.
2, 3, 193
Let v = 1483 + 1672. List the prime factors of v.
5, 631
Let g = -6387 + 9359. Suppose 4*h - g = -5*i + 2*h, -2*i - 4*h = -1176. List the prime factors of i.
2, 149
Suppose -212 = 4*j - 4*p, 2*j = 2*p - 3*p - 118. Let k = j + 65. List the prime factors of (-39)/26 - (-2)/(k/278).
2, 17
Suppose 0 = 7*t - 5 - 9. List the prime factors of (-64)/24*(-69)/t.
2, 23
Let p(a) = 1748*a - 4352. List the prime factors of p(19).
2, 3, 5, 13, 37
Suppose 0 = 2*v + 93 - 93. Suppose -p - 5*s + 6 = v, -s = 2*p + 2 - 5. What are the prime factors of p/(25/(-130))*-35?
2, 7, 13
Suppose 22175 = -4*r + 134431. Suppose -105*b - r = -121*b. What are the prime factors of b?
2, 877
Let z = 3813 - -7413. List the prime factors of z.
2, 3, 1871
Let t(c) = -2*c**2 + 11*c + 10. Let j be t(6). Let g be ((-4)/j + -1)*-256. Suppose r - 599 = -5*y, -r + 159 = -3*y + g. What are the prime factors of y?
7, 17
Suppose 3656 = -5*g + 15296. Suppose 99*r - 96*r = g. What are the prime factors of r?
2, 97
What are the prime factors of (1 + 126)/((64 - 66) + (-59)/(-29))?
29, 127
Suppose -514800 - 1326222 = -41*s - 62*s. What are the prime factors of s?
2, 3, 331
Let h(p) be the third derivative of p**6/120 - p**5/12 + 7*p**4/24 + p**3 - 4*p**2 - 2. What are the prime factors of h(10)?
2, 3
What are the prime factors of 211589/14 + -7*8/(-112)?
2, 3, 11, 229
Let y = -9637 + 37128. What are the prime factors of y?
37, 743
Let v = 22 + -29. Let d be (10864/140)/(v/(-5) - 1). Let j = -110 + d. List the prime factors of j.
2, 3, 7
Let t = 4 + -31. Let w = -22 - t. What are the prime factors of (-3)/((-9)/15)*w?
5
Let a = 13 - 80. Let c = -64 - a. Suppose 3*b + 4*t - 28 = 0, t - 26 = -c*b - 4*t. List the prime factors of b.
2, 3
Let b = -54 - -57. Suppose 144 